late the remainder when 37 is divided by (1 + 2)/(h/(-13)).
11
Suppose 0 = -t + 3*t - 22. Calculate the remainder when 32 is divided by t.
10
What is the remainder when 25 is divided by (-2)/(-1) + 14 + -2?
11
Let n(m) = -2*m**2 - 17*m - 14. Calculate the remainder when n(-6) is divided by 5.
1
Suppose -14*l = -10*l. Suppose 2*s - 1 - 45 = l. Calculate the remainder when s is divided by -16*((-7)/4 + 1).
11
Let t be (3/9)/(4/48). Suppose -2*c = -s - 14, 3*s = t*c + c - 36. What is the remainder when 23 is divided by c?
5
Suppose 0 = -5*g - 0*o + 4*o + 146, 2*o + 112 = 4*g. Suppose w + g = 3*w. What is the remainder when 36 is divided by w?
10
Let j(m) = 5*m**2 - 7*m - 3. Let c(u) = -u**2 + u. Let r(x) = 2*c(x) + j(x). Calculate the remainder when r(-3) is divided by 20.
19
Calculate the remainder when 39 is divided by 12/(-4)*(-9 + 2).
18
Let k(i) = 2*i**2 + 6*i. Let d(b) = -b**3 + 8*b**2 - 5*b + 2. Let q be d(7). Let a = q - -3. What is the remainder when k(-7) is divided by a?
18
Suppose 114 = -3*m + 5*m - 4*i, 4*m - 231 = 5*i. Calculate the remainder when m is divided by 15.
14
Calculate the remainder when 34 is divided by (12/(-4))/9*-21.
6
Let q be (-9)/(-12)*-1*4. Let i = 3 + q. Let p = i + 2. Calculate the remainder when 5 is divided by p.
1
Suppose 0*r - r + 16 = 0. Calculate the remainder when 33 is divided by (r - (1 + -3)) + 0.
15
Let x(c) = 3*c + 26. Let n = 36 - 12. Calculate the remainder when x(23) is divided by n.
23
Suppose 15*i = 22*i - 308. What is the remainder when i is divided by ((-1)/1 - -9) + 1?
8
Suppose 3*z - 51 = 21. Let f(u) = -8*u - u**2 + 3*u - 4*u - 1. Calculate the remainder when z is divided by f(-7).
11
Let m be (4 - 2) + -4 - -4. Suppose 2*f - 3 - 12 = n, 5*f - 4*n - 30 = 0. Suppose -m*g + f = -64. What is the remainder when g is divided by 13?
11
Suppose 10*t - 14*t + 308 = 0. Calculate the remainder when t is divided by 34.
9
Let q(v) = -17*v - 3. What is the remainder when q(-4) is divided by ((-306)/(-54))/(2/6)?
14
Suppose 5*m - 8 - 2 = 0. Suppose -3*r - m*u + 22 = -0*u, -r = -3*u + 11. Calculate the remainder when 14 is divided by r.
2
Let p(j) = j**3 - 5*j**2 + 3*j + 5. Suppose -4 + 2 = -2*a. Calculate the remainder when p(4) is divided by a.
0
Let g(d) = 2*d**2 - d - 4. Let p(v) = 4*v**3 - 2*v**2 + 2*v - 1. Let x be p(1). Calculate the remainder when (-60)/(-2) + 0 - -1 is divided by g(x).
9
Suppose 81 = -0*t + 3*t. Calculate the remainder when (-3)/(-6) - t/(-2) is divided by 8.
6
Suppose -6*k = -k - 5. Suppose -3*t + 6 = -0*t. Suppose 3*b + 0*b - 9 = -t*z, -5*b + 2*z - 1 = 0. What is the remainder when b is divided by k?
0
Let g(p) = -13*p**3 + p**2 - p - 2. Calculate the remainder when g(-1) is divided by 7.
6
Let x(k) = -k**2 + 8*k. Let n(c) = -c + 15. Let s be n(8). Calculate the remainder when 27 is divided by x(s).
6
Suppose -2*g = -5*g + 33. What is the remainder when 74 is divided by g?
8
Let h = -19 - -11. Let n = -16 - h. What is the remainder when 218/6 - n/12 is divided by 10?
7
Let c = 8 - 6. Let p(u) = 2*u**3 - 3*u + 2. What is the remainder when 21 is divided by p(c)?
9
Let q(i) = -21*i - 1. Let f(h) = 20*h + 1. Let n(s) = 6*f(s) + 5*q(s). Calculate the remainder when n(2) is divided by 11.
9
Suppose -9*m - 11 + 353 = 0. Calculate the remainder when 150 is divided by m.
36
Suppose 2*y + 5 = 3*y. Calculate the remainder when 9 is divided by y.
4
Let g(d) = 6*d**2 - 3*d. Let k(z) = z**2 - 7*z + 8. Let v be k(6). Calculate the remainder when 34 is divided by g(v).
16
Let r(l) = 3*l - 6. Let a be r(5). Suppose 36 = 4*c + 4*p, -2*p - 9 - a = -c. Calculate the remainder when c is divided by 1/((-1)/(-7)*1).
5
Calculate the remainder when 54 is divided by (-73)/(-5) - (-30)/(-50).
12
Let p(c) = c**2 + 10*c - 1. Let s be p(-9). Let y = s - -17. What is the remainder when 18 is divided by y?
4
Let v(u) = u + 32. Calculate the remainder when 36 is divided by v(-12).
16
Let g(d) = -d**3 - 8*d**2 - 3*d - 18. Calculate the remainder when 14 is divided by g(-8).
2
Let t be 52/14 - 4/(-14). Suppose 7*j = t*j + 84. Suppose d + 47 = 5*o, -d - 65 = -5*o - 6*d. What is the remainder when j is divided by o?
8
Let m = 86 - 38. Calculate the remainder when m is divided by 17.
14
Suppose 346 = -4*r + 1678. What is the remainder when r is divided by 67?
65
Let k(w) = 3*w - 10. Let c be k(-7). Let y = c + 52. Let t = 127 - 86. Calculate the remainder when t is divided by y.
20
Let h = 8 - 3. Let i(k) = k**3 - 9*k**2 + 7*k + 11. Let d be i(8). Suppose l = -z + 16, 0*z = -d*z + 9. What is the remainder when l is divided by h?
3
Let v = -151 + 162. Calculate the remainder when v is divided by 7.
4
Suppose 6 = 2*p, 0*k + 5*p = -5*k + 35. Suppose -4*o = -13 + 1. Calculate the remainder when k is divided by o.
1
Let q(u) = u**3 - 3*u**2 + u - 1. Let v be q(3). Calculate the remainder when (1 + v)/((-3)/(-10)) is divided by (-7 + 1)*(-1)/2.
1
Let g(w) = -w**3 + 7*w**2 - 2. Calculate the remainder when g(5) is divided by 13.
9
Suppose 3 + 4 = d. Suppose 0 = -4*c - 1 - d. Calculate the remainder when 10 - (c - (0 - -1)) is divided by 8.
5
Let h be (32 - 3/(-3))*-1. Let o = h + 46. What is the remainder when o is divided by 5?
3
Suppose -5*x + 9 = -2*f - 146, -2*x + f = -61. What is the remainder when x is divided by 17?
16
Let j(p) = -p**2 + 12*p - 7. What is the remainder when 11 is divided by j(11)?
3
Let z = -60 - -79. Calculate the remainder when 54 is divided by z.
16
Suppose 48 = 5*l - 7. What is the remainder when l is divided by 4?
3
Let f = 10 + 0. Suppose 3*v - 14 = -z, -3*v - 2*v = -4*z + 5. What is the remainder when f is divided by v?
1
Let l = -30 + 127. What is the remainder when l is divided by 50?
47
Calculate the remainder when 132 is divided by 173/5 - ((-108)/(-30) + -4).
27
Calculate the remainder when 40/2*(-9)/(-6) is divided by 16.
14
Calculate the remainder when -1 - (3 - (-3 + 194)) is divided by 19.
16
Let q(j) = -4*j**3 - 2*j**2 - j - 7*j**3 + 4*j**3. What is the remainder when 71/3 - (-6)/(-9) is divided by q(-1)?
5
Let z(o) = -33*o**3 - o**2 - o - 1. Calculate the remainder when z(-1) is divided by 9.
5
Let k(a) = a**2 - 6*a + 2. Let z be ((-7)/7)/(1 + -2). Suppose -4*w - 20 = 0, -11 = t + 3*w - z. What is the remainder when t is divided by k(6)?
1
Let g(l) = -l**3 + 3*l**2 - l - 1. Let a be g(3). Calculate the remainder when a + -3 + 62 + -4 is divided by 18.
15
Suppose -i + 4*i = 69. Let d(p) = 4*p - 4. Suppose -4*r + 1 = -15. Calculate the remainder when i is divided by d(r).
11
Calculate the remainder when 2/(4/(-10) - 73/(-170)) is divided by 23.
22
Let n be 1/((-3)/6) + 0. Calculate the remainder when 65 is divided by (-5 - 39)*1/n.
21
Suppose 3*y + 17 = 71. What is the remainder when 53 is divided by y?
17
Suppose 5*s = 4*s + 4. Suppose 3*v - 2 - s = 0. What is the remainder when 4 is divided by v?
0
Suppose -4*i + 3*y + 53 = i, 3*y - 7 = -i. What is the remainder when i is divided by 0/2 - (-10 + 7)?
1
Let f = 2 + 21. Suppose 0 = 2*c + 2*j - 84, -69 - 55 = -3*c - 4*j. Calculate the remainder when c is divided by f.
21
Suppose 9*r - 289 = 125. Calculate the remainder when r is divided by 8.
6
What is the remainder when 17 is divided by 128/22 + 8/44?
5
Let q = -11 + 37. Suppose -4*g + 26 = v + v, 0 = -3*g + 5*v + q. What is the remainder when 13 is divided by g?
6
Suppose -2*r - 91 = -2*v + r, 0 = -r - 5. What is the remainder when 75 is divided by v?
37
Suppose 0 = -2*l - l + 54. Suppose 3 = 6*t - 27. What is the remainder when l is divided by t?
3
Let a = 17 + 24. What is the remainder when a is divided by 14?
13
Let n = -10 + 32. Calculate the remainder when 65 is divided by n.
21
Calculate the remainder when (-106)/(-8) - 24/96 is divided by 8.
5
Let o be (-6)/(-4) + 60/(-8). Let w be (-12)/8*4/o. Let x = 3 - w. What is the remainder when 4 is divided by x?
0
Let x(c) = 5*c - 1. Let i be x(1). Suppose -i*m - 2 = -42. Calculate the remainder when 28 is divided by m.
8
Let u = 45 - 27. What is the remainder when 35 is divided by u?
17
Calculate the remainder when (77/3)/7*15 is divided by 14.
13
Let u = -8 + 17. What is the remainder when 198/8 - (-3)/12 is divided by u?
7
Let x = 14 + 2. Let w = -9 + x. Calculate the remainder when 19 is divided by w.
5
Suppose 0 = i - 3*s 